3 a prime number?
False
Is 4861 prime?
True
Is 7379 prime?
False
Is 74917 prime?
False
Is 956513 prime?
True
Is 437165 composite?
True
Is 6139 a composite number?
True
Is 59333 a composite number?
False
Is 5449 composite?
False
Is 26449 composite?
False
Is 13463 composite?
False
Is 87573 a composite number?
True
Is 47903 a composite number?
False
Is 27661 a composite number?
True
Is 141 a prime number?
False
Is 2041 prime?
False
Is 141779 composite?
True
Is 1013641 composite?
False
Is 369301 a prime number?
True
Is 21029 composite?
True
Is 6065 composite?
True
Is 180781 a prime number?
False
Is 16333 a prime number?
True
Is 659887 a composite number?
True
Is 1733 composite?
False
Is 87853 a prime number?
True
Is 2897 prime?
True
Is 30727 composite?
False
Is 7143761 composite?
False
Is 6469 a prime number?
True
Is 15439 a composite number?
False
Is 5747 a composite number?
True
Is 65951 a prime number?
True
Is 309877 a composite number?
False
Is 5077 prime?
True
Is 2532911 a prime number?
False
Is 202309 prime?
True
Is 1604443 prime?
False
Is 3809 a prime number?
False
Is 12247 composite?
True
Is 441778 composite?
True
Is 509017 composite?
True
Is 3223 a composite number?
True
Is 276229 composite?
False
Is 751 a composite number?
False
Is 78701 prime?
False
Is 270107 a composite number?
True
Is 865 a prime number?
False
Is 474163 prime?
True
Is 2447059 prime?
True
Is 6521 composite?
False
Is 87277 a prime number?
True
Is 22147 composite?
False
Is 1497281 prime?
True
Is 1149133 a composite number?
True
Is 13613 composite?
False
Is 57643 prime?
False
Is 13669 composite?
False
Is 238115 a composite number?
True
Is 14143 a composite number?
False
Is 51043 prime?
True
Is 30553 a prime number?
True
Is 75171 composite?
True
Is 45347 a composite number?
True
Is 422219 a prime number?
False
Is 145519 a composite number?
True
Is 2073 composite?
True
Is 458113 a prime number?
False
Is 19289 prime?
True
Is 98313 a composite number?
True
Is 290317 a composite number?
False
Is 42103 a prime number?
False
Is 30757 composite?
False
Is 162257 a composite number?
False
Is 12219 prime?
False
Is 46705 a prime number?
False
Is 221591 composite?
True
Is 223793 a prime number?
False
Is 12589 composite?
False
Is 90787 a prime number?
True
Is 23509 a prime number?
True
Is 16301 a prime number?
True
Is 20269 prime?
True
Is 125863 prime?
True
Is 476183 composite?
False
Is 4547 a prime number?
True
Is 155858 prime?
False
Is 1004299 a composite number?
True
Is 2155 a prime number?
False
Is 11855 prime?
False
Is 100019 a prime number?
True
Is 311533 a prime number?
True
Is 9839 prime?
True
Is 4621 prime?
True
Is 5437 a composite number?
False
Is 221321 prime?
False
Is 196111 prime?
True
Is 112163 composite?
False
Is 18197 prime?
False
Is 1046 a composite number?
True
Is 78823 a composite number?
False
Is 97813 a prime number?
True
Is 337258 a composite number?
True
Is 12481 composite?
True
Is 2324395 a composite number?
True
Is 4691 a prime number?
True
Is 265345 a prime number?
False
Is 29399 prime?
True
Is 2503 a composite number?
False
Is 62897 a prime number?
True
Is 80329 prime?
True
Is 39965 a composite number?
True
Is 2770943 a composite number?
True
Is 1831 composite?
False
Is 503147 prime?
True
Is 31273 a prime number?
False
Is 114133 a composite number?
True
Is 403561 a composite number?
True
Is 10391 a prime number?
True
Is 119693 prime?
False
Is 478535 prime?
False
Is 9961 composite?
True
Is 115727 composite?
False
Is 6905 a composite number?
True
Is 298781 a composite number?
True
Is 17267 prime?
False
Is 73077 composite?
True
Is 1511 a prime number?
True
Is 16521 a composite number?
True
Is 149174 composite?
True
Is 21943 a prime number?
True
Is 18091 composite?
True
Is 136943 composite?
False
Is 15541 a prime number?
True
Is 26521 a composite number?
True
Is 882053 composite?
True
Is 85641 a composite number?
True
Is 78947 a composite number?
True
Is 3466 a composite number?
True
Is 103 composite?
False
Is 31307 a composite number?
False
Is 3977 a prime number?
False
Is 5669 a prime number?
True
Is 7663 composite?
True
Is 283369 prime?
True
Is 1751 a composite number?
True
Is 1171 a composite number?
False
Is 6287 a prime number?
True
Is 749 composite?
True
Is 2809 composite?
True
Is 4317 a prime number?
False
Is 245587 a composite number?
False
Is 4861 a composite number?
False
Is 351257 prime?
True
Is 83299 prime?
True
Is 38039 prime?
True
Is 81727 a prime number?
True
Is 365 a prime number?
False
Is 131413 composite?
False
Is 1382 a composite number?
True
Is 27539 composite?
False
Is 1931 a prime number?
True
Is 21851 a prime number?
True
Is 15251 prime?
False
Is 225559 prime?
False
Is 11243 prime?
True
Is 836149 composite?
False
Is 103559 a prime number?
False
Is 177167 a composite number?
False
Is 44615 prime?
False
Is 1735 a prime number?
False
Is 49057 a composite number?
False
Is 6899 a prime number?
True
Is 1464563 a prime number?
True
Is 436501 a prime number?
False
Is 696457 prime?
True
Is 6779 composite?
False
Is 7283 prime?
True
Is 46471 a prime number?
True
Is 270097 a prime number?
True
Is 2769905 composite?
True
Is 33833 a composite number?
True
Is 365327 prime?
True
Is 6385 a prime number?
False
Is 1837 a prime number?
False
Is 250253 a composite number?
False
Is 24317 a prime number?
True
Is 845129 a composite number?
False
Is 144331 a prime number?
False
Is 2633 prime?
True
Is 4547 a composite number?
False
Is 213853 composite?
True
Is 3691 a composite number?
False
Is 47131 prime?
False
Is 1361 a prime number?
True
Is 185561 a composite number?
True
Is 581069 a prime number?
True
Is 58983 a composite number?
True
Is 862813 prime?
False
Is 17035 prime?
False
Is 4701443 a composite number?
False
Is 2993149 a prime number?
True
Is 549109 composite?
True
Is 399473 a composite number?
False
Is 910937 prime?
False
Is 8705 prime?
False
Is 23407 a prime number?
False
Is 38393 prime?
True
Is 125261 composite?
False
Is 149881 a composite number?
True
Is 198443 composite?
True
Is 32593 a composite number?
True
Is 433079 a composite number?
False
Is 565959 prime?
False
Is 587 prime?
True
Is 35674 a prime number?
False
Is 10651 composite?
False
Is 940469 a prime number?
True
Is 199 a composite number?
False
Is 12039 composite?
True
Is 282857 a prime number?
False
Is 736199 composite?
True
Is 1303693 a composite number?
False
Is 292037 prime?
True
Is 44819 prime?
True
Is 606631 a prime number?
False
Is 29917 prime?
True
Is 525781 a prime number?
True
Is 97049 prime?
False
Is 1382141 a prime number?
False
Is 96139 a composite number?
True
Is 24329 a composite number?
False
Is 12889 a composite number?
False
Is 2389 a composite number?
False
Is 425793 a prime number?
False
Is 1689 a composite number?
True
Is 2863 prime?
False
Is 1759298 composite?
True
Is 1803493 a prime number?
True
Is 1337 prime?
False
Is 247735 composite?
True
Is 836321 composite?
True
Is 84377 a prime number?
True
Is 98591 a prime number?
False
Is 190007 composite?
True
Is 95593 a prime number?
False
Is 53231 a composite number?
False
Is 2857 prime?
True
Is 16291 a prime number?
False
Is 330709 a prime number?
False
Is 385253 composite?
True
Is 80113 composite?
True
Is 3909203 a composite number?
True
Is 3109 composite?
False
Is 1766399 composite?
False
Is 11053 prime?
False
Is 1451095 prime?
False
Is 105319 composite?
False
Is 62243 a prime number?
False
Is 1381011 composite?
True
Is 381763 prime?
False
Is 5407 composite?
False
Is 79909 a prime number?
False
Is 1399 a composite number?
False
Is 4733 a prime number?
True
Is 6547 a prime number?
True
Is 68813 a composite number?
False
Is 53121 a composite number?
True
Is 5557 a composite number?
False
Is 4201 composite?
False
Is 6389 a composite number?
False
Is 289551 composite?
True
Is 2053 composite?
False
Is 682139 composite?
True
Is 12197 prime?
True
Is 12057 a prime number?
False
Is 3329 a composite number?
False
Is 51173 prime?
False
Is 4 a composite number?
True
Is 149243 a composite number?
True
Is 3691 prime?
True
Is 830495 a prime number?
False
Is 27422 a composite number?
True
Is 2489 a prime number?
False
Is 248011 a composite number?
True
Is 2473 a prime number?
True
Is 974473 prime?
True
Is 20477 a composite number?